{"id":88,"date":"2015-09-08T11:37:55","date_gmt":"2015-09-08T14:37:55","guid":{"rendered":"http:\/\/www.fcn.unp.edu.ar\/sitio\/biologiaparamedicina\/?page_id=88"},"modified":"2025-02-17T17:22:25","modified_gmt":"2025-02-17T20:22:25","slug":"introduccion","status":"publish","type":"page","link":"https:\/\/www.fcn.unp.edu.ar\/biologiaparamedicina\/index.php\/introduccion\/","title":{"rendered":"Introducci\u00f3n"},"content":{"rendered":"<p>La <strong>Biolog\u00eda<\/strong> es una disciplina integradora que superpone su \u00e1mbito de incumbencia con otras ramas de las Ciencias Naturales. Interact\u00faa con la teor\u00eda evolutiva, la sistem\u00e1tica y el ambiente. Biolog\u00eda es una asignatura de r\u00e9gimen cuatrimestral, obligatoria y de cursada tradicional o promocional, forma parte del primer a\u00f1o del plan de estudio de la Carrera de Medicina de la Facultad de Ciencias Naturales y Ciencias de la Salud. Se trata, de un curso introductorio y b\u00e1sico. En relaci\u00f3n a ello, en el dictado de la materia se enfatiza en los principios y conceptos generales de la Biolog\u00eda, pero considerando los permanentes y r\u00e1pidos avances que la disciplina evidencia a lo largo del tiempo.<\/p>\n<p>La planificaci\u00f3n de trabajos pr\u00e1cticos para la asignatura ha sido elaborada considerando los contenidos m\u00ednimos, los objetivos, la correlatividad dentro del plan de estudios, la carga horaria prevista y los recursos disponibles. Adem\u00e1s, tienen como meta despertar en el alumno que reci\u00e9n se inicia en la carrera el inter\u00e9s por la ciencia y pretenden promover en los futuros M\u00e9dicos una orientaci\u00f3n dentro del campo de las Ciencias Naturales.<\/p>\n<p>En un contexto m\u00e1s amplio, la propuesta pretende que el estudiante entienda a la ciencia como la b\u00fasqueda de la verdad transformadora en un contexto hist\u00f3rico-social. Se busca priorizar el razonamiento sobre la informaci\u00f3n; la discusi\u00f3n sobre la aceptaci\u00f3n de lo conocido y, por \u00faltimo se pretende transmitir a los alumnos nuestra preocupaci\u00f3n por integrar a docentes y estudiantes en la inserci\u00f3n de la Universidad con la realidad social en la que est\u00e1 inmersa.<\/p>\n","protected":false},"excerpt":{"rendered":"<p>La Biolog\u00eda es una disciplina integradora que superpone su \u00e1mbito de incumbencia con otras ramas de las Ciencias Naturales. Interact\u00faa con la teor\u00eda evolutiva, la sistem\u00e1tica y el ambiente. Biolog\u00eda es una asignatura de r\u00e9gimen cuatrimestral, obligatoria y de cursada tradicional o promocional, forma parte del primer a\u00f1o del plan de estudio de la Carrera &hellip; <\/p>\n<p class=\"link-more\"><a href=\"https:\/\/www.fcn.unp.edu.ar\/biologiaparamedicina\/index.php\/introduccion\/\" class=\"more-link\">Continuar leyendo<span class=\"screen-reader-text\"> \u00abIntroducci\u00f3n\u00bb<\/span><\/a><\/p>\n","protected":false},"author":5,"featured_media":0,"parent":0,"menu_order":0,"comment_status":"closed","ping_status":"closed","template":"","meta":{"footnotes":""},"class_list":["post-88","page","type-page","status-publish","hentry"],"_links":{"self":[{"href":"https:\/\/www.fcn.unp.edu.ar\/biologiaparamedicina\/index.php\/wp-json\/wp\/v2\/pages\/88","targetHints":{"allow":["GET"]}}],"collection":[{"href":"https:\/\/www.fcn.unp.edu.ar\/biologiaparamedicina\/index.php\/wp-json\/wp\/v2\/pages"}],"about":[{"href":"https:\/\/www.fcn.unp.edu.ar\/biologiaparamedicina\/index.php\/wp-json\/wp\/v2\/types\/page"}],"author":[{"embeddable":true,"href":"https:\/\/www.fcn.unp.edu.ar\/biologiaparamedicina\/index.php\/wp-json\/wp\/v2\/users\/5"}],"replies":[{"embeddable":true,"href":"https:\/\/www.fcn.unp.edu.ar\/biologiaparamedicina\/index.php\/wp-json\/wp\/v2\/comments?post=88"}],"version-history":[{"count":3,"href":"https:\/\/www.fcn.unp.edu.ar\/biologiaparamedicina\/index.php\/wp-json\/wp\/v2\/pages\/88\/revisions"}],"predecessor-version":[{"id":3347,"href":"https:\/\/www.fcn.unp.edu.ar\/biologiaparamedicina\/index.php\/wp-json\/wp\/v2\/pages\/88\/revisions\/3347"}],"wp:attachment":[{"href":"https:\/\/www.fcn.unp.edu.ar\/biologiaparamedicina\/index.php\/wp-json\/wp\/v2\/media?parent=88"}],"curies":[{"name":"wp","href":"https:\/\/api.w.org\/{rel}","templated":true}]}}