{"id":11,"date":"2015-10-01T14:11:06","date_gmt":"2015-10-01T14:11:06","guid":{"rendered":"http:\/\/www.fcn.unp.edu.ar\/sitio\/naturalia\/?page_id=11"},"modified":"2025-12-24T04:05:37","modified_gmt":"2025-12-24T04:05:37","slug":"contacto","status":"publish","type":"page","link":"https:\/\/www.fcn.unp.edu.ar\/naturalia\/index.php\/contacto\/","title":{"rendered":"Contacto"},"content":{"rendered":"\n<p class=\"has-black-color has-text-color\"><\/p>\n\n\n\n<p><\/p>\n\n\n\n<p><\/p>\n\n\n\n<div class=\"wp-block-cover aligncenter\"><span aria-hidden=\"true\" class=\"wp-block-cover__background has-background-dim\"><\/span><img loading=\"lazy\" decoding=\"async\" width=\"1024\" height=\"1024\" class=\"wp-block-cover__image-background wp-image-646\" alt=\"\" src=\"https:\/\/www.fcn.unp.edu.ar\/sitio\/naturalia\/wp-content\/uploads\/2025\/12\/image.jpeg\" data-object-fit=\"cover\" srcset=\"https:\/\/www.fcn.unp.edu.ar\/naturalia\/wp-content\/uploads\/2025\/12\/image.jpeg 1024w, https:\/\/www.fcn.unp.edu.ar\/naturalia\/wp-content\/uploads\/2025\/12\/image-300x300.jpeg 300w, https:\/\/www.fcn.unp.edu.ar\/naturalia\/wp-content\/uploads\/2025\/12\/image-150x150.jpeg 150w, https:\/\/www.fcn.unp.edu.ar\/naturalia\/wp-content\/uploads\/2025\/12\/image-768x768.jpeg 768w\" sizes=\"auto, (max-width: 1024px) 100vw, 1024px\" \/><div class=\"wp-block-cover__inner-container is-layout-flow wp-block-cover-is-layout-flow\">\n<p class=\"has-text-align-center has-large-font-size\"><strong>Director, Dr. Osvaldo Le\u00f3n C\u00f3rdoba. <\/strong><\/p>\n\n\n\n<p class=\"has-text-align-center has-large-font-size\"><strong>E-mail: okylola@gmail.com<\/strong><\/p>\n\n\n\n<p class=\"has-text-align-center has-large-font-size\"><strong>Secretaria de Redacci\u00f3n, Dra. Mar\u00eda Luj\u00e1n Flores. E-mail: okyflores@yahoo.com.ar<\/strong><\/p>\n<\/div><\/div>\n\n\n\n<p><\/p>\n","protected":false},"excerpt":{"rendered":"","protected":false},"author":1,"featured_media":0,"parent":0,"menu_order":0,"comment_status":"closed","ping_status":"closed","template":"","meta":{"footnotes":""},"class_list":["post-11","page","type-page","status-publish","hentry"],"_links":{"self":[{"href":"https:\/\/www.fcn.unp.edu.ar\/naturalia\/index.php\/wp-json\/wp\/v2\/pages\/11","targetHints":{"allow":["GET"]}}],"collection":[{"href":"https:\/\/www.fcn.unp.edu.ar\/naturalia\/index.php\/wp-json\/wp\/v2\/pages"}],"about":[{"href":"https:\/\/www.fcn.unp.edu.ar\/naturalia\/index.php\/wp-json\/wp\/v2\/types\/page"}],"author":[{"embeddable":true,"href":"https:\/\/www.fcn.unp.edu.ar\/naturalia\/index.php\/wp-json\/wp\/v2\/users\/1"}],"replies":[{"embeddable":true,"href":"https:\/\/www.fcn.unp.edu.ar\/naturalia\/index.php\/wp-json\/wp\/v2\/comments?post=11"}],"version-history":[{"count":6,"href":"https:\/\/www.fcn.unp.edu.ar\/naturalia\/index.php\/wp-json\/wp\/v2\/pages\/11\/revisions"}],"predecessor-version":[{"id":650,"href":"https:\/\/www.fcn.unp.edu.ar\/naturalia\/index.php\/wp-json\/wp\/v2\/pages\/11\/revisions\/650"}],"wp:attachment":[{"href":"https:\/\/www.fcn.unp.edu.ar\/naturalia\/index.php\/wp-json\/wp\/v2\/media?parent=11"}],"curies":[{"name":"wp","href":"https:\/\/api.w.org\/{rel}","templated":true}]}}