{"id":520,"date":"2023-11-20T00:40:17","date_gmt":"2023-11-20T00:40:17","guid":{"rendered":"http:\/\/www.fcn.unp.edu.ar\/sitio\/naturalia\/?page_id=520"},"modified":"2023-11-20T00:47:01","modified_gmt":"2023-11-20T00:47:01","slug":"quienes-somos","status":"publish","type":"page","link":"https:\/\/www.fcn.unp.edu.ar\/naturalia\/index.php\/quienes-somos\/","title":{"rendered":"\u00bfQui\u00e9nes somos?"},"content":{"rendered":"\n<div class=\"wp-block-columns is-layout-flex wp-container-core-columns-is-layout-1 wp-block-columns-is-layout-flex\">\n<div class=\"wp-block-column is-layout-flow wp-block-column-is-layout-flow\" style=\"flex-basis:100%\">\n<div class=\"wp-block-media-text alignfull is-stacked-on-mobile has-very-light-gray-to-cyan-bluish-gray-gradient-background has-background\"><figure class=\"wp-block-media-text__media\"><img loading=\"lazy\" decoding=\"async\" width=\"6837\" height=\"8516\" src=\"http:\/\/www.fcn.unp.edu.ar\/sitio\/naturalia\/wp-content\/uploads\/2023\/11\/NATURALIA-PATAGONICA-1.png\" alt=\"\" class=\"wp-image-521 size-full\" srcset=\"https:\/\/www.fcn.unp.edu.ar\/naturalia\/wp-content\/uploads\/2023\/11\/NATURALIA-PATAGONICA-1.png 6837w, https:\/\/www.fcn.unp.edu.ar\/naturalia\/wp-content\/uploads\/2023\/11\/NATURALIA-PATAGONICA-1-241x300.png 241w, https:\/\/www.fcn.unp.edu.ar\/naturalia\/wp-content\/uploads\/2023\/11\/NATURALIA-PATAGONICA-1-822x1024.png 822w, https:\/\/www.fcn.unp.edu.ar\/naturalia\/wp-content\/uploads\/2023\/11\/NATURALIA-PATAGONICA-1-768x957.png 768w, https:\/\/www.fcn.unp.edu.ar\/naturalia\/wp-content\/uploads\/2023\/11\/NATURALIA-PATAGONICA-1-1233x1536.png 1233w, https:\/\/www.fcn.unp.edu.ar\/naturalia\/wp-content\/uploads\/2023\/11\/NATURALIA-PATAGONICA-1-1644x2048.png 1644w\" sizes=\"auto, (max-width: 6837px) 100vw, 6837px\" \/><\/figure><div class=\"wp-block-media-text__content\">\n<div class=\"wp-block-group is-content-justification-space-between is-layout-flex wp-container-core-group-is-layout-2 wp-block-group-is-layout-flex\">\n<div class=\"wp-block-group wp-container-content-1 is-vertical is-nowrap is-layout-flex wp-container-core-group-is-layout-1 wp-block-group-is-layout-flex\">\n<p class=\"has-text-align-left has-black-color has-text-color\">Nuestra revista Naturalia Patag\u00f3nica, desde su inicio en 1991 y luego el relanzamiento en el 2002, se destaca por la divulgaci\u00f3n cient\u00edfica. <\/p>\n\n\n\n<p class=\"has-text-align-left has-black-color has-text-color\">Agradecemos desde ya el trabajo y la decisi\u00f3n de los investigadores de nuestra instituci\u00f3n y de otras instituciones, incluso del extranjero, de optar por nuestra revista para la publicaci\u00f3n de sus investigaciones.<\/p>\n\n\n\n<p class=\"has-text-align-left has-black-color has-text-color\">Confiamos en la buena receptividad de Naturalia Patag\u00f3nica entre nuestros lectores habituales y entre los lectores en general, que se interesen por la problem\u00e1tica de las Ciencias Naturales y las Ciencias de la Salud especialmente en el \u00e1mbito de la regi\u00f3n, invitando adem\u00e1s a que se contin\u00faen sumando autores regionales y de otras latitudes, enviando su producci\u00f3n cient\u00edfica para nuestro siguiente n\u00famero.<\/p>\n\n\n\n<p>Dr. Osvaldo Le\u00f3n C\u00f3rdoba \u2013 Directo<\/p>\n\n\n\n<p class=\"has-text-color\" style=\"color:#e59937;font-size:18px;font-style:normal;font-weight:400;letter-spacing:0px;line-height:1.7\"><\/p>\n\n\n\n<div style=\"height:7.5vw\" aria-hidden=\"true\" class=\"wp-block-spacer\"><\/div>\n<\/div>\n<\/div>\n<\/div><\/div>\n<\/div>\n<\/div>\n\n\n\n<p class=\"has-text-align-center\"><\/p>\n\n\n\n<div class=\"wp-block-group alignfull\"><div class=\"wp-block-group__inner-container is-layout-constrained wp-block-group-is-layout-constrained\"><\/div><\/div>\n\n\n\n<p><\/p>\n","protected":false},"excerpt":{"rendered":"<p>Nuestra revista Naturalia Patag\u00f3nica, desde su inicio en 1991 y luego el relanzamiento en el 2002, se destaca por la divulgaci\u00f3n cient\u00edfica. Agradecemos desde ya el trabajo y la decisi\u00f3n de los investigadores de nuestra instituci\u00f3n y de otras instituciones, incluso del extranjero, de optar por nuestra revista para la publicaci\u00f3n de sus investigaciones. Confiamos [&hellip;]<\/p>\n","protected":false},"author":1,"featured_media":0,"parent":0,"menu_order":0,"comment_status":"closed","ping_status":"closed","template":"","meta":{"footnotes":""},"class_list":["post-520","page","type-page","status-publish","hentry"],"_links":{"self":[{"href":"https:\/\/www.fcn.unp.edu.ar\/naturalia\/index.php\/wp-json\/wp\/v2\/pages\/520","targetHints":{"allow":["GET"]}}],"collection":[{"href":"https:\/\/www.fcn.unp.edu.ar\/naturalia\/index.php\/wp-json\/wp\/v2\/pages"}],"about":[{"href":"https:\/\/www.fcn.unp.edu.ar\/naturalia\/index.php\/wp-json\/wp\/v2\/types\/page"}],"author":[{"embeddable":true,"href":"https:\/\/www.fcn.unp.edu.ar\/naturalia\/index.php\/wp-json\/wp\/v2\/users\/1"}],"replies":[{"embeddable":true,"href":"https:\/\/www.fcn.unp.edu.ar\/naturalia\/index.php\/wp-json\/wp\/v2\/comments?post=520"}],"version-history":[{"count":3,"href":"https:\/\/www.fcn.unp.edu.ar\/naturalia\/index.php\/wp-json\/wp\/v2\/pages\/520\/revisions"}],"predecessor-version":[{"id":527,"href":"https:\/\/www.fcn.unp.edu.ar\/naturalia\/index.php\/wp-json\/wp\/v2\/pages\/520\/revisions\/527"}],"wp:attachment":[{"href":"https:\/\/www.fcn.unp.edu.ar\/naturalia\/index.php\/wp-json\/wp\/v2\/media?parent=520"}],"curies":[{"name":"wp","href":"https:\/\/api.w.org\/{rel}","templated":true}]}}