{"id":511,"date":"2021-09-08T20:07:54","date_gmt":"2021-09-08T23:07:54","guid":{"rendered":"http:\/\/www.fcn.unp.edu.ar\/sitio\/caslan\/?page_id=511"},"modified":"2021-10-09T10:15:20","modified_gmt":"2021-10-09T13:15:20","slug":"poster","status":"publish","type":"page","link":"https:\/\/www.fcn.unp.edu.ar\/caslan\/index.php\/poster\/","title":{"rendered":"Posters"},"content":{"rendered":"\n<p>A continuaci\u00f3n se encuentran disponibles los p\u00f3ster presentados, grupados seg\u00fan eje tem\u00e1tico. Para facilitar la navegaci\u00f3n, se dispone de un \u00edndice donde encontrar\u00e1 el t\u00edtulo de cada trabajo y el eje tem\u00e1tico acorrespondiente.<br> Esperamos que disfrute de la oferta de trabajos y expositores.<\/p>\n\n\n\n<iframe src=\"https:\/\/drive.google.com\/embeddedfolderview?id=1m6fW1Tj985Fzw5cIQ-ENJ8xFqWi-jwfg#grid\" style=\"width:100%; height:750px; border:0;\"><\/iframe>\n","protected":false},"excerpt":{"rendered":"<p>A continuaci\u00f3n se encuentran disponibles los p\u00f3ster presentados, grupados seg\u00fan eje tem\u00e1tico. Para facilitar la navegaci\u00f3n, [&hellip;]<\/p>\n","protected":false},"author":2,"featured_media":0,"parent":0,"menu_order":4,"comment_status":"closed","ping_status":"closed","template":"","meta":{"footnotes":""},"class_list":["post-511","page","type-page","status-publish","hentry"],"_links":{"self":[{"href":"https:\/\/www.fcn.unp.edu.ar\/caslan\/index.php\/wp-json\/wp\/v2\/pages\/511","targetHints":{"allow":["GET"]}}],"collection":[{"href":"https:\/\/www.fcn.unp.edu.ar\/caslan\/index.php\/wp-json\/wp\/v2\/pages"}],"about":[{"href":"https:\/\/www.fcn.unp.edu.ar\/caslan\/index.php\/wp-json\/wp\/v2\/types\/page"}],"author":[{"embeddable":true,"href":"https:\/\/www.fcn.unp.edu.ar\/caslan\/index.php\/wp-json\/wp\/v2\/users\/2"}],"replies":[{"embeddable":true,"href":"https:\/\/www.fcn.unp.edu.ar\/caslan\/index.php\/wp-json\/wp\/v2\/comments?post=511"}],"version-history":[{"count":18,"href":"https:\/\/www.fcn.unp.edu.ar\/caslan\/index.php\/wp-json\/wp\/v2\/pages\/511\/revisions"}],"predecessor-version":[{"id":534,"href":"https:\/\/www.fcn.unp.edu.ar\/caslan\/index.php\/wp-json\/wp\/v2\/pages\/511\/revisions\/534"}],"wp:attachment":[{"href":"https:\/\/www.fcn.unp.edu.ar\/caslan\/index.php\/wp-json\/wp\/v2\/media?parent=511"}],"curies":[{"name":"wp","href":"https:\/\/api.w.org\/{rel}","templated":true}]}}